ulate (4 - 3 - -1 - -3) + -817 + 807.
-5
What is the value of 8 - (3 - 10 - -4 - 8)?
19
Calculate 4 + -4 + (11 + -11 - (-14 - 0)).
14
3 + -19 + 2 + -1 + (-29 - -31)
-13
Calculate (156 - 174) + 4 + -5.
-19
Evaluate (27 - -7) + -16 + (0 - 7).
11
Calculate (-26 - (-25 + 0)) + -18.
-19
What is (-3 - -17) + -23 + 14?
5
Calculate (7 - (-9 + 24)) + (-3 + 0 - 0).
-11
What is -13 - (25 - 46) - 2?
6
Calculate 5 + (-2 + (-11 - -9) - -8) + 9.
18
What is 12 + -24 + 12 + (1 - 4)?
-3
What is the value of (6 - -8) + (-8 - 4 - -19)?
21
Calculate 3 + 25 + (164 - 190).
2
What is -1 - (-1 + 0 + 5 + (3 - 3))?
-5
Evaluate (-10 + -13 - -44) + -13.
8
What is -4 + 7 + 19 + (37 - 30 - 15)?
14
3 - ((22 + -10 - 18) + 11)
-2
Evaluate (0 - 7) + 1 + 8.
2
Evaluate 1 + (-10 - 1) + -51 + -77 + 130.
-8
Evaluate -531 + 543 - (-1 + 1 + -20).
32
(9 - (-1 + 12)) + -12
-14
What is the value of 5 + 0 + 0 + (9 - (0 + 5))?
9
(0 - 14 - 2) + (-469 - -504)
19
Calculate -3 + 7 - (-5 + (-9 - -14)) - -1.
5
What is the value of 1 + -20 - -40 - 43?
-22
Evaluate 78 - 68 - (0 + (0 - 3)).
13
Calculate 0 - ((-24 - 4) + -8 + -8 + 13).
31
Calculate -8 + (2 + 7 - -10).
11
What is the value of -8 - -1 - (-39 - (61 - 116))?
-23
Calculate 1 + 8 + (162 - 200).
-29
15 + -10 + (5 - 23)
-13
-36 + (-32 - -25) + 29
-14
9 - 4 - (206 + -199)
-2
Calculate (5 - (-41 - -45 - (0 + -5))) + 1.
-3
Evaluate 0 + -1 + (19 - 40 - -27) - -8.
13
-14 + (25 - 23 - -33)
21
Calculate -16 - (4 - -3 - (2 + 3)).
-18
4 + -15 - (-13 + 16 + -9)
-5
-1 + 3 + (21 - 8 - -5)
20
(10 - 14 - -3) + 21
20
(-413 - -424) + (0 + -14 - 0)
-3
Calculate -17 + (-39 - -48) + -1 + -20.
-29
What is the value of (-17 - 15) + 50 + -24?
-6
Calculate -39 - 0 - (-119 - -100).
-20
What is -5 + (9 - (-6 - -11 - 19))?
18
What is the value of 22 - 35 - (5 + -5 + 4)?
-17
75 + -65 - (-1 - -5)
6
14 + (-28 - 1) - -29
14
Evaluate 19 - 12 - (-2 + 5 + -1) - -3.
8
Calculate 3 - (-1 - 5 - ((0 - -7) + -16)).
0
Evaluate 1 - (25 + -15) - (-9 + -2) - 5.
-3
What is -14 + -4 - (10 - 13)?
-15
Evaluate 0 + -10 + 5 + (8 - 4) + -12.
-13
What is 10 - (2 - (14 - 25))?
-3
Calculate (26 - 13 - -7) + -23.
-3
What is 3 + (-2 - (-11 - -23 - 9)) - -26?
24
Evaluate -12 + (-3 - 0) + (-199 - -203).
-11
(-14 - 0) + -2 + (31 - 25)
-10
11 + (18 - (48 + -7))
-12
-9 + -14 + 11 + 11
-1
What is -1 + 5 - (5 - (5 + 2))?
6
(293 - 277) + -14 + 1
3
What is the value of 33 + -7 + -21 - (-11 - 1)?
17
Evaluate -1 - (3 - -1) - (3 + 22 + -27).
-3
Evaluate (-40 - -11) + -20 + 54.
5
Evaluate -5 + -1 - (38 - 25) - -53.
34
Calculate -2 - -6 - -9 - (-6 + 5 - -4).
10
14 - (-20 + (-11 - 4) + 17)
32
Calculate 5 + (-8 - (-10 - -4)) - 13.
-10
Evaluate 8 + (-5 + 10 - -6) + -8 + -11.
0
Evaluate 6 + (-2 - (-1 - (0 + 9))).
14
-19 - 1 - (-14 + (18 - 8))
-16
(28 - 5) + -26 + -2
-5
Evaluate -18 + 7 - -14 - -9.
12
Evaluate 51 + -44 - (4 + -8 + 5).
6
Calculate (62 - 48) + (-1 - 28).
-15
Calculate 19 - (53 - (38 - 27)).
-23
Calculate -49 - ((-12 - 3) + 64 + -63).
-35
What is 18 - (-2 - 5 - ((-21 - -12) + 9))?
25
Calculate 1 + 11 - (283 - 275).
4
What is 1 + 0 + (-21 + 15 - (3 - 23))?
15
What is (0 - -30) + 839 + -869?
0
Calculate -2 - (1 - 4) - 3 - (0 - 2).
0
Evaluate -27 + 20 + -10 + 3.
-14
Calculate -6 + 1 - (-1 + 1 + 0).
-5
Calculate (1 - (0 + 0)) + (0 - -2) + -8.
-5
What is the value of (6 - (-7 - -16)) + -10 - 1?
-14
Calculate -2 - ((-42 - -20) + 19).
1
What is -3 + 2 - (-108 + 106)?
1
What is the value of -8 - (-13 + 7 + 2) - (1 + 3)?
-8
-11 + (-7 + (-6 - -7) - 4)
-21
-3 + 4 + 17 + -33
-15
What is the value of 9 - (35 + -11) - (5 + 0 - 7)?
-13
Evaluate -10 + (20 - (-3 - -8) - 4) + -7.
-6
Evaluate 7 - (7 + 0 + -20).
20
What is 13 + -3 - -2 - (8 - (11 - -1))?
16
Evaluate -1 - 2 - (6 + (-3 - 4) + 6).
-8
Calculate 19 + -4 + 40 + -58.
-3
What is the value of (-1 - -6) + 1 + -10 + -172 + 166?
-10
1 - (15 - ((-1 - 11) + 23))
-3
Calculate 3 + -5 - (5 + -28 - -8).
13
Evaluate -18 + 12 + -3 + 2 + (35 - 39).
-11
What is the value of 11 + (-6 + 5 - 13)?
-3
Evaluate 0 + (-26 - -19) + 1 + 16.
10
What is the value of -19 - -58 - 20 - (-2 + 0) - -10?
31
Evaluate (-30 - -1) + 4 + 11 + 5 + -11.
-20
What is the value of 55 - (-26 + 39 + 11)?
31
What is -10 + 24 + (-9 - -5)?
10
Evaluate 8 + -1 - (4 - (26 - 18)).
11
Calculate 183 - 193 - (0 + 6).
-16
What is the value of -4 + (-8 - (-5 - (-9 - -4)))?
-12
What is (3 - -11 - 14) + -6?
-6
-10 + 9 + -28 - -24
-5
What is the value of 23 - (-152 + 168 + 0 + -2)?
9
Calculate (-4 - 12 - (-61 + 52)) + -17.
-24
What is the value of -10 + -7 + (-6 - -15)?
-8
Evaluate 45 - (43 + 8 + -27).
21
Evaluate -25 + (25 - 44 - -38).
-6
What is 0 + 3 + -6 + 9 + -22 + 4?
-12
What is 7 + (-2 + -5 - 1) + (-3 - -11)?
7
What is -1 + 2 + 15 + -29?
-13
Calculate -2 + (-7 - -16) + -13 + (5 - -1).
0
What is 2 + 11 + -10 - (8 - 20)?
15
-5 - (-1 + 13 + (-6 - 2 - -5))
-14
(0 - 22 - (-2 + 2)) + -63 + 69
-16
Evaluate -19 + -11 + 8 + 9 + -1 + 0.
-14
(44 - -19) + -48 + -41
-26
Evaluate -8 - -3 - (75 - 87).
7
Evaluate -11 - (-36 - -41 - (9 + 1)).
-6
Evaluate 1 - (-7 + 1) - (-301 - -298).
10
Evaluate -2 - -5 - (18 - (1 + 6)).
-8
Evaluate -4 - -33 - (211 + -154).
-28
Calculate 6 - (1 + -1 - ((0 - -12) + -8)).
10
4 + 24 + (7 - 5) + -14
16
What is the value of -38 + 38 - ((-1 - 4) + -3)?
8
What is (4 - -1) + 15 + (-24 - -3)?
-1
What is the value of 14 - (12 + 6 + -9)?
5
What is the value of (5 - (-1 - -1)) + 6 + (14 - 13)?
12
What is 17 + -16 - 14 - -15?
2
-1 + 8 - (81 - 73) - -11
10
What is -1 - (-7 + (4 - 1) + 10)?
-7
Evaluate (-34 + 14 - -49) + -37.
-8
Evaluate -11 - 0 - (-124 - -117).
-4
Evaluate 10 + -6 + 5 + (0 + -6 - 1).
2
Calculate -1 - -1 - (-22 - (-17 + 10)).
15
Evaluate -30 + 25 + (-19 - (-14 + 9)).
-19
Evaluate -17 - (-3 + 2 - (4 + -16 + 5)).
-23
What is the value of (-2 - (-4 + -6) - 3) + -1 + -13?
-9
Evaluate 12 - (-1 - -1) - (-3 - (-5 + 4)).
14
Evaluate 16 + 20 + -14 - 23.
-1
What is the value of (30 - 35) + (1 - 2) + 4 + -6?
-8
Evaluate (2 - 1) + (26 - 28 - 3).
-4
What is 9 - (-21 - (-18 - 3))?
9
Evaluate 1 + 0 - (6 - 3 - (-7 - -8)).
-1
What is -3 + -34 + -16 - -30?
-23
What is the value of (22 - 30) + (11 - -1)?
4
Calculate -6 + (-22 + 12 + (1 - 0) - 8).
-23
Calculate 20 - (-6 + 18 + 11).
-3
Calculate 5 + (23 - (-1 + 9 + -12 - -12)).
20
(81 - 77) + (4 - 1) + 8
15
5 - (-2 - -15) - (-20 - 0) - 1
11
What is the value of 18 + -3 - (141 - 135) - (1 + -10)?
18
Calculate (8 - (-4 - -14)) + -6 + 1.
-7
22 - (15 - -4 - 15)
18
What is 10 - (-7 + 14) - (-4 + 5)?
2
What is the value of -1 + (-1 - -15) + (-46 + 19 - -21)?
7
Evaluate -12 + -1 + (-16 - (2 + -10)) + 12.
-9
Evaluate (10 - (30 - -2)) + 6.
-16
20 + 1 - (41 - 28)
8
Calculate 18 - ((-7 - 1) + 3 - 4) - 7.
20
30 + -24 + -20 - (-14 - 0)
0
What is -11 - (-7 - (3 - 3 - (8 - 3)))?
-9
What is -5 + 15 + 9 + -20 + 5?
4
Calculate (-4 - 1) + (-1 - -3).
-3
(13 + -3 - 7 - 5) + 8
6
Evaluate (1 + -11 - -5) + 27.
22
What is 2 + -3 + -9 - (-6 + 8 + -2)?
-10
-20 + -5 + 5 + (14 - 10)
-16
What is -12 + (3 - -6) + -40 + 30?
-13
-2 - (-7 + -2) - (-2267 - -2246)
28
Evaluate 24 - 2 - (-58 + 70).
10
What is (3 + (-4 - 0 - -13) - -25) + 0?
37
6 + -14 + 2 + 1 - (1 + -8)
2
Evaluate 15 + 4 + -1 + 16 + 10 + -31.
13
3 + (-4 - 4) - (3 - 11)
3
-11 + 11 + 44 - 14
30
Evaluate 0 - -8 - ((-47 - -22) + 35).
-2
What is the value of (25 - 16) + -11 - (-6 + -1)?
5
Evaluate -30 - (-10 - -17) - (-2 - 2).
-33
What is (-3 + 14 - -13) + -25?
-1
What is -20 + 45 + -27 + 18?
16
What is (23 - 44) + 9 + -2?
-14
Evaluate (-18 - -11) + 23 - 6.
10
What is -11 + 6 + 2 + -4 + -19 + 8?
-18
Evaluate 5 - 7 - ((-6 - -1) + 10).
-7
(-8 + 2 - 0) + (2 - 7 - -2)
-9
What is the value of (6 + (-3 - -2) - 1) + (-15 - 5)?
-16
Evaluate 20 - ((-2 - -2) + 2) - (-196 + 202).
12
-2 + (1 + 9 + -8 - (-4 + -5))
9
Evaluate (60 - 41) + -2 + 3 + 12.
32
-1 + ((-6 - 4 - -5) + 5 - 11)
-12
What is -1 + -3 + 4 - (6 - 17) - 3?
8
What is -10 + (15 - (11 + -7) - 6)?
-5
-3 + -19 + -40 + 43
-19
-45 + 22 + -5 + (1 - -1)
-26
-9 - (-13 - (-3 - -19))
20
Evaluate 3 + (1 + -8 - (23 + -22)).
-5
What is 17 + (39 - (38 + 37))?
-19
1 - (-13 + 13 + 14)
-13
3 + 11 + -5 + (9 - 15) - 26
-23
What is the value of (-6 - -20) + 60 + -83?
-9
-15 - (-9 + 10 + 11 + -26)
-1
(79 - 77) + (4 - 1) - 2
3
Calculate 27 - (11 + -10 + 19).
7
What is 23 + (-16 + 33 - 23)?
17
What is the 